 d be ((-4)/36*-9)/(2/4). Suppose 0 = d*j - 8*h + 3*h + 3, -h = 3*j - 21. What is the units digit of j?
6
Let r(y) = 11*y - 53. Let a be r(6). Let p(c) = -c**3 + 16*c**2 - c - 7. What is the hundreds digit of p(a)?
4
Let u = 33559 - 20522. What is the units digit of u?
7
Let f(w) = 1156*w + 5100. What is the tens digit of f(10)?
6
What is the thousands digit of (-23539)/(-5) + (-12 - 784/(-70))?
4
Suppose 3*f = -4*u + 17757, 47*u - 5*f - 13296 = 44*u. What is the units digit of u?
7
What is the tens digit of (15/30)/(1/9358)?
7
Let g(y) = 3312*y - 1144. What is the tens digit of g(2)?
8
Let t(s) = 22*s**2 - 2*s. Let g be t(-2). Suppose -5*y = 5*a - 1255, 2*y - 156 = -a + g. What is the tens digit of a?
5
Suppose 0 = -5*x + 5*d + 120, -d + 96 = 5*x - 0*d. Let m(k) = k**3 - 4*k**2 - 9*k + 4. Let r be m(6). What is the units digit of 3780/r - x/(-110)?
2
Let x(p) = -1583*p**3 - 13*p**2 - 14*p + 25. What is the hundreds digit of x(-2)?
6
Let q(w) = 238*w - 194. Let v = 725 - 720. What is the units digit of q(v)?
6
Let n(k) be the first derivative of -k**4/4 + 14*k**3/3 + 16*k**2 + 47*k - 13. What is the tens digit of n(15)?
0
Let r = -224 - -124. What is the hundreds digit of (150/8)/((-15)/r)?
1
Let r(v) = 23*v**2 - 5*v - 48. What is the tens digit of r(9)?
7
Let m(r) = -2685*r + 17. What is the thousands digit of m(-3)?
8
Let q be (14/(-49))/((-1)/7). Suppose 228 = 3*h + 3*r, q*r + 56 = -3*h + 283. Suppose 0 = 2*w - 3*w + h. What is the tens digit of w?
7
What is the ten thousands digit of 24/(-8)*3 - -21013?
2
Suppose -220*y + 3*z - 72855 = -223*y, -5*z - 24321 = -y. What is the ten thousands digit of y?
2
Let j(l) = -288*l**3 - 2*l**2 + 4. Let p be j(2). Let o = 3920 + p. What is the hundreds digit of o?
6
Suppose 94*y - 89*y = -1580. What is the hundreds digit of (308/(-56))/(2/y)?
8
Let y(m) = 1476*m**2 - 82*m + 14. What is the units digit of y(-3)?
4
Suppose f = -4*w + 30562, 91742 = -73*f + 76*f + 5*w. What is the hundreds digit of f?
5
What is the thousands digit of (((-32)/6)/((-58)/(-87)) - -22123) + -7?
2
Let s(g) be the third derivative of -26*g**2 + 1/12*g**4 - 11/120*g**6 + 0 + 1/20*g**5 + 0*g - 1/3*g**3. What is the tens digit of s(-2)?
9
Suppose -695*p + 1905964 = -649*p. What is the units digit of p?
4
Suppose 0 = -y - 0*y. Let i(h) = h**2 - 10*h - 37. Let j be i(13). Suppose y = 8*o - j*o - 1116. What is the hundreds digit of o?
1
Let h(b) be the first derivative of 3*b**2 + 9*b - 147. Let u be 3 - 3 - (1 + -15). What is the units digit of h(u)?
3
Suppose -1 - 1 = -2*f + c, 5*f = 3*c + 3. Let i = f - 32. Let s = 69 + i. What is the units digit of s?
0
Let y = 58859 - 7292. What is the tens digit of y?
6
Let l(t) = 94*t + 732. What is the tens digit of l(28)?
6
Let g(i) = 2*i + 28. Suppose 48 = -16*d + 12*d. Let p be g(d). Suppose t - 129 = -p*h, 4*t - 535 = -4*h + 7*h. What is the units digit of t?
3
Suppose 2*n + c - 3707 = 0, -2*n + 4*n - 2*c = 3722. Suppose -5*b + 2314 = 2*r, n = 4*b + 3*r + r. Suppose 6*x - b = -x. What is the units digit of x?
6
Let y(v) = -483*v + 4271. What is the tens digit of y(-69)?
9
Suppose -4*n + 5*u = -42606, 9*n + 5*u = 7*n + 21318. What is the ten thousands digit of n?
1
Let j(p) = -p**2 - 2*p + 2. Let q be j(-6). What is the hundreds digit of q/7 - (-7)/49 - -265?
2
Let l = 56 + -33. Suppose -3 = p - 0*p, -5*p + l = h. Let r = 72 - h. What is the units digit of r?
4
Let f = 22208 + -12856. What is the tens digit of f?
5
Let g = 300 + -289. Let b = g - -78. What is the units digit of b?
9
What is the hundreds digit of ((-1273)/152*-1242)/((-9)/(-24))?
7
Let c = -84 + 84. Suppose c = -i - i + 798. What is the hundreds digit of i?
3
Suppose -3*b + 9458 = -4810. What is the thousands digit of b?
4
Let j(b) = -b**2 - 5*b + 24. Let m be j(-7). Let a(z) = 0*z**3 - 3 + 6*z**2 - z**3 + 16*z + 3*z**2. What is the tens digit of a(m)?
5
Let m(d) = d**2 + 4*d + 3. Let b be m(-2). Let o be ((-3)/15)/b - 26/5. What is the units digit of (89 - 1) + (o - -3) + -1?
5
Let i = 112 - -165. Let a = -22 + i. What is the units digit of a?
5
Suppose -49*i = -50*i - 6. Let w(b) = -4*b**3 - 3*b**2 + 11*b - 22. What is the tens digit of w(i)?
6
Suppose 3*b = -5*x + 6*x + 32860, 10970 = b + 3*x. What is the thousands digit of b?
0
Let t be 28/154 + 735/11. Suppose -5*h - t = 3*a, -3*a - 74 = -a - 4*h. Let r = 126 + a. What is the tens digit of r?
9
Let s = -55 + 30. Let v = 27 + s. Suppose -v*r = 1 - 7. What is the units digit of r?
3
Let f = 79 - 64. Suppose f*u + 423 = 12*u. What is the units digit of 1 - -3 - 4 - u?
1
Let a be 12/18 + 1/3*1. What is the tens digit of 1620/4 + (6 - a)?
1
Suppose 0 = 85*h - 7*h - 267243 - 333903. What is the thousands digit of h?
7
Let u(w) = w**3 + 5*w**2 + 20*w - 37. Let p = -168 + 177. What is the tens digit of u(p)?
7
What is the units digit of (65 + 7)/((-36)/(-6168))?
6
Let o(c) = -9*c**3 + 23*c**2 + 119*c - 18. What is the thousands digit of o(-12)?
7
Suppose 12 = -4*j, 9*b + 294 = 6*b - j. Let x = b + 671. What is the hundreds digit of x?
5
Suppose -3*b - 57846 = -w, 112*b - 117*b - 404906 = -7*w. What is the ten thousands digit of w?
5
Let d(x) = 33*x**2 - 14*x - 14. Let g be d(-1). Suppose -4*r = -4*y - 1180, -5*y + 950 = 3*r + g. What is the tens digit of r?
9
Let z(p) = -2*p**2 + 18*p - 45. Let v be z(6). What is the units digit of (-45)/v + 0 + 4?
9
Suppose -9*m + 11390 = -4*m. What is the tens digit of (m/(-102))/(2/(-42))?
6
Suppose -62*l = -63*l + 158. Let x = l + 170. What is the tens digit of x?
2
Let q = 691 + -1203. What is the tens digit of 1/3 + 4 + q/(-12)?
4
Suppose 5*w + a - 19412 = 0, -8*w + 4*a = -6*w - 7778. Suppose -2*z + 13*z = w. What is the hundreds digit of z?
3
Suppose 19420 = 3*o + 4*r, o + 3770 = 4*r + 10222. What is the hundreds digit of o?
4
Suppose s - 4*m = -3*m, 5*s + 3*m - 16 = 0. Let t(h) = 4*h**s + 3*h**2 - 6*h + 0*h**3 + h**2 - h**3. What is the units digit of t(5)?
5
Let l = -34494 + 80844. What is the units digit of l?
0
What is the ten thousands digit of (-4267425)/(-135) - (-210)/(-135)?
3
Suppose 0 = 69*s - 267*s + 12674376. What is the thousands digit of s?
4
Let r = -551 - -317. Suppose -36*v - 2769 = 1731. Let x = v - r. What is the units digit of x?
9
Suppose -12 = -3*h + 2*v - 4*v, -4*v = -5*h + 20. Suppose -5*q - h*r - 2 - 14 = 0, 5*q - 5*r + 25 = 0. Let p = q + 9. What is the units digit of p?
5
Let j = -1427 - -2435. Let h = 1713 - j. What is the hundreds digit of h?
7
Let t(m) be the first derivative of 7*m**5/40 + 5*m**4/12 - 3*m**3 - 7. Let i(d) be the third derivative of t(d). What is the tens digit of i(3)?
7
Suppose 6*s - 8*s + 5*y + 12479 = 0, 0 = 4*s + 3*y - 24919. What is the tens digit of s?
3
Suppose 3*a = -w + 17149, 4*a + 0*a - 22860 = 4*w. What is the tens digit of a?
1
Suppose -22*a - 12*a = -34145 - 85059. What is the hundreds digit of a?
5
Suppose 48*m - 47*m + 468 = 0. Let b = m + 677. What is the tens digit of b?
0
Suppose 34424 + 12040 = 16*x. What is the hundreds digit of x?
9
Suppose 1172 - 104 = -3*x. Let a = 502 + x. Suppose 9*n = 11*n - a. What is the units digit of n?
3
Let g(b) = -b**2 - 10*b - 8. Let a be g(-12). Let z = 33 + a. Let p(q) = 37*q**3 - 2*q**2 - q + 3. What is the tens digit of p(z)?
3
Let o be (1 + (-2)/3)/(5/15). What is the units digit of ((-60)/(-36))/(o/231)?
5
Let c = -239 - -232. Let t(i) = -12*i + 36. Let o(g) = -24*g + 72. Let l(m) = 3*o(m) - 5*t(m). What is the units digit of l(c)?
0
Suppose -17*v + 10116 = 5*o - 15*v, 5*v = 4*o - 8073. What is the tens digit of o?
2
Let l = 50 - 44. Suppose -g - 4 = -l. Suppose 220 = k + 4*w + 20, 390 = g*k - 2*w. What is the units digit of k?
6
Let d = -5598 - -2522. What is the tens digit of -3 + (d/14)/((-22)/154)?
3
What is the thousands digit of (-162)/10 + 16 + 38561/5?
7
Let p(a) = -257*a - 509. What is the hundreds digit of p(-7)?
2
Suppose -3*f - 16 = -31. Suppose -f*x + 3280 = 5*x. What is the tens digit of x?
2
What is the units digit of (((-1120)/(-6))/(-5))/(44/(-16962))?
2
Let x(j) = -j**2. Let m = 35 + -41. Let f(t) = 7*t**2 + 11*t + 15. Let p(q) = m*x(q) - f(q). What is the units digit of p(-9)?
3
Let k be (-1 + 3 - 3)*(-79 - 0). Suppose 64 - k = -v. Suppose -4*t + 259 = -3*n, -t + 67 = -5*n + v. What is the tens digit of t?
6
